sor of 90 and c.
18
Let c = 6694 - 5339. What is the highest common divisor of c and 15?
5
Let n = -46 - -50. Suppose 2*s - 4 = -l + 70, -l + 82 = n*s. What is the greatest common factor of 33 and l?
33
Suppose -76685 - 6596 = -67*i. What is the greatest common factor of i and 121?
11
Suppose 0*d + 4*d - 20 = -4*a, -4*a + 5*d + 65 = 0. Let v be (228/(-95))/((-3)/a). Let c be 7 + 12/4*1 + -2. Calculate the greatest common factor of c and v.
8
Let p be 66/(-22) - (182 + 0). Let i = -29 - p. Let w(f) = -f**3 - f**2 + 6*f + 2. Let q be w(-4). What is the greatest common factor of q and i?
26
Let b(l) = -l**3 - 34*l**2 - 204*l - 3. Let p be b(-32). Calculate the greatest common divisor of p and 242.
121
Suppose w = -5*i + 10, -i - 3*i = w - 7. Suppose -15*v - i*v = -1980. What is the highest common factor of 275 and v?
55
Let r(g) = -g**3 - 6*g**2 - g - 4. Let x be r(-6). Suppose -3*h + 6 = x*l, -l - 2*h + 13 = 2*h. Let f = l + 9. Calculate the greatest common factor of f and 12.
6
Suppose 0 = k + 3*k - 68. Let n be k/34*8/(-1). Let t be (n - -32)*1 + -2. Calculate the greatest common divisor of 13 and t.
13
Let k = -16058 - -16996. Calculate the highest common factor of 28 and k.
14
Suppose 0 = -7*y - 388 + 94. Let g = y + 78. Suppose 77*x = 24*x + 9540. Calculate the greatest common divisor of g and x.
36
Let d(w) = -w - 2. Let s be d(-5). Suppose s*i - 1 = 5. Suppose 4 + 6 = i*t. What is the greatest common divisor of t and 1?
1
Suppose 4*g + 3*m = -g + 355, 3*g = m + 199. Let w = -25 + 93. What is the highest common factor of w and g?
68
Suppose 0 = 2*y - 12, -b + 5*y + 0 = 2. Let q(f) = -2*f - 10 - f**3 - 7*f**2 - 4*f + 4*f. Let o be q(-8). What is the greatest common divisor of b and o?
14
Let r(h) = -6*h**3 - 9*h**2 - 47*h - 38. Let l be r(-5). Calculate the highest common factor of l and 57.
19
Let i = 13 + 97. Let q = -1090 - -3677. Suppose 2*z = q - 2499. What is the greatest common factor of i and z?
22
Let i = -28 + 57. Suppose 92365 - 87580 = 33*f. Calculate the highest common divisor of f and i.
29
Let f(c) = -c**2 + 11. Let s = 50 - 48. Suppose 22 = z + 5*r, -5*z + 7*r - 40 = s*r. Let v be f(z). Calculate the greatest common divisor of v and 16.
2
Let t be 10/(-15)*(-309)/2. Suppose -t = -8*a - 39. Calculate the greatest common factor of 128 and a.
8
Suppose -38*d + 3318 = 4*p - 33*d, -3*d = -3*p + 2529. What is the greatest common factor of 27 and p?
27
Suppose -3*i + 0*i + 5*v = -112, -4*i + 3*v + 164 = 0. Let r = i + -43. Let c be 6 - r - 12/8*-2. What is the highest common divisor of c and 2?
2
Suppose 4*n - 67710 = -2*x + 9478, -2*n = 2*x - 77198. Calculate the greatest common factor of x and 12.
12
Let t be ((-369)/(-246))/((-38)/252 - (-2)/9). What is the greatest common factor of 2 and t?
1
Let m be 1/5 - -5*32165/875. What is the highest common divisor of m and 138?
46
Let k(o) = -o**3 - 20*o**2 - 65*o + 113. Let n be k(-16). What is the greatest common factor of 7 and n?
1
Let b(s) = 38*s - 28*s + 7 - 2 - 22*s. Let u(h) = -h**3 - 3*h**2 - 2. Let n be u(-3). Let q be b(n). Calculate the highest common divisor of 116 and q.
29
Let v(b) = -b**3 - 55*b**2 - 525*b - 16. Let a be v(-12). Calculate the greatest common factor of a and 1725.
23
Suppose 4*w = 2*x + 104, 3*w - 188 = -3*x - 83. What is the greatest common divisor of w and 232?
29
Suppose -1006*s + 903681 = -476*s - 451*s. Calculate the highest common divisor of 1107 and s.
369
Suppose 5*p - 3*q = -0*q + 1584, 4*p = -2*q + 1276. Suppose -p = -6*r + 192. What is the greatest common factor of 5 and r?
5
Suppose -5*y + 7572 = 6*y - 1998. What is the greatest common divisor of y and 570?
30
Suppose -7*j = -4*j - 24. Suppose 2*i - i + 1 = h, 3*h - j = 2*i. Suppose -h*q = -4*q - 34. Calculate the highest common divisor of q and 153.
17
Suppose 0 = 5*y - 25, 3*i - i - 13 = -y. Suppose 2*n - p = 20, 3*p = -i*n + 6*p + 40. Calculate the greatest common divisor of 50 and n.
10
Suppose -29*y - 8960 = -64*y. Calculate the highest common factor of 48 and y.
16
Suppose 4*l + 3*i - 6966 = 0, 10*l - 5*l - 8713 = -i. Calculate the greatest common factor of 21 and l.
21
Let i be (-354)/(-45) - 1*(-2)/15. Let q(w) = w**2 + 19*w - 84. Let o be q(4). What is the greatest common factor of o and i?
8
Let n = -173 + 172. Let o be (-4 - 87/n) + -1*5. Calculate the highest common divisor of o and 208.
26
Let y(p) = p**2 - 45*p + 372. Let i be y(10). Calculate the greatest common divisor of 10 and i.
2
Let f(p) = -4*p**3 - 8*p - 18 - 985*p**2 + 5*p**3 + 3*p**3 + 952*p**2. Let y be f(9). Calculate the highest common factor of 17 and y.
17
Let d be (-1)/(-3)*(-25 - -88). Suppose 27*q = d*q + 36. What is the highest common divisor of q and 222?
6
Suppose 4*x - 10 = -q + 3, -3*q - 5*x + 25 = 0. Let y be (10/q - -45) + -4. Calculate the greatest common factor of y and 43.
43
Let s be 3/(-28) + 428475/700. Calculate the highest common divisor of s and 2176.
68
Suppose -135 = -4*m - 35. Suppose 4*w = n - 76, -n + 152 = n + 4*w. Suppose 0 = n*c - 85*c + 45. Calculate the highest common divisor of m and c.
5
Let x(t) = 480*t + 8367. Let c be x(-17). Suppose -180 = -4*o + 4. Calculate the highest common divisor of c and o.
23
Let q = -45 + 69. Suppose -2393 + 473 = -16*s. What is the highest common factor of q and s?
24
Let k be 16/6 + (64/6)/8. Suppose -9 + 149 = k*w. Let z be 7*(265/w + 1). What is the greatest common divisor of 150 and z?
30
Let m = 222 - 127. Let l = m + -21. Suppose -5*h + j + 26 = -l, 4*h = 2*j + 86. Calculate the greatest common factor of 57 and h.
19
Let h be (-311)/(-2) + (-33)/(-22). Let c = h + -117. Calculate the greatest common factor of c and 220.
20
Let w = -214 + 460. Suppose -3*p = 2*b - w, -16*p = -17*p - 2*b + 86. What is the greatest common factor of 60 and p?
20
Let g = -8952 - -8954. What is the highest common factor of 547 and g?
1
Let w(v) = v**3 + 25*v**2 + 23*v + 65. Let z be w(-24). Suppose z*f - u - 296 = 88*f, 4*u + 1476 = 5*f. What is the highest common factor of 219 and f?
73
Let z(l) = 6*l**2 - 483*l - 39. Let u be z(81). Let c(y) = -y**2 + 11*y - 6. Let b be c(9). What is the highest common factor of u and b?
12
Suppose 26*a - 22 = 25*a. Let g = -20 + a. Let d be 2079/42 + 3/g. Calculate the highest common divisor of d and 34.
17
Suppose 31 = 3*w + 5*x, -4*x - 9 = 2*w - 33. Suppose -14450 = w*h - 27*h. Calculate the highest common divisor of 17 and h.
17
Suppose -3*b - 36 = -6*b. Let v(r) be the first derivative of -r**2/2 + 30*r + 27. Let f be v(18). What is the highest common factor of f and b?
12
Suppose -3*h = u - 152, 216 = 8*h - 4*h - 2*u. Suppose 0 = -0*n - 5*n + q + 194, 0 = -3*n + q + 116. What is the highest common divisor of h and n?
13
Let y(m) be the first derivative of -m**2/2 - 4*m - 3. Let p be (-33859)/1029 + (-4)/42. Let n be y(p). Calculate the greatest common divisor of n and 29.
29
Suppose -g = 71*c - 69*c - 848, 0 = -3*g - 4*c + 2560. What is the highest common factor of 176 and g?
16
Let h = -11676 - -18397. What is the greatest common factor of 77 and h?
11
Let q be (1 + 6 - 3)*(-38104)/(-22). Calculate the highest common divisor of q and 16.
16
Suppose 0*y - 22 = -2*y. Let j = y + -3. Suppose t = 5*w - 44, 57*w + t - 12 = 55*w. What is the highest common factor of j and w?
8
Suppose -4*d + 287 + 57 = 0. Let k(m) = m**3 + 9*m**2 + 27. Let l be k(-11). Let c be (0 + l)/(2/(-2)). Calculate the greatest common factor of c and d.
43
Let c(r) = -r**2 - 12*r. Let d be c(-11). Let u be 4/(-30) + 69342/315. Suppose 15*m = 10*m + u. Calculate the highest common divisor of m and d.
11
Suppose s + 15 = 5*x + 2*s, 2*s = 4*x + 2. Suppose 5*m = -x + 7. Let i be 0 + (-145)/(-5) + m. Calculate the greatest common divisor of 45 and i.
15
Suppose -4*a = m - 926, -m + 333 + 129 = 2*a. Suppose -2416*j - a = -2424*j. Let k = -5 - -34. Calculate the highest common factor of k and j.
29
Suppose -4*j - x = -16, -31*j + x - 7 = -32*j. Suppose j*m - 4*m = -o - 9, -o - 19 = -3*m. Calculate the highest common factor of m and 55.
5
Let m(i) = i**3 - 2*i**2 + 2*i. Let q be m(3). Let d = 1843 + -1708. Calculate the highest common divisor of d and q.
15
Suppose 5*u - 137621 = x, -4*u - x + 5524 = -104571. What is the highest common divisor of 28 and u?
28
Let 